6 + s**3/3 - s**2/2 + 4*s. What are the prime factors of u(1)?
3, 7
Let h(p) = -p**3 - 8*p**2 - 8*p + 6. Suppose -g = 3*i - 1, 4*g + 4*i - 4 = -24. List the prime factors of h(g).
2, 5, 7
Let c = -3439 + 5083. What are the prime factors of c?
2, 3, 137
Suppose 3*x - 4*y - 11 = 2*x, -3*x + 44 = -y. Let l be x + 4 + (-7 - -4). What are the prime factors of l/3*(-312)/(-32)?
2, 13
Suppose -1400 = -3*z - 5*u, 3*z - 5*u = 1336 + 114. What are the prime factors of z?
5, 19
Suppose 8170 = -39*a + 58*a. List the prime factors of a.
2, 5, 43
Suppose 59 = 4*a + a + 4*r, 3*a - 2*r - 31 = 0. Suppose 14*q = a*q. Suppose 0 = -5*s - 5*u + 95, -37 = -3*s - q*s + u. List the prime factors of s.
2, 7
Let y = 1649 + -660. List the prime factors of y.
23, 43
Suppose -2*w + w = 5*s - 2, w = s - 4. Let k = 104 - 120. Let c = s - k. What are the prime factors of c?
17
Let d be ((-24)/(-5))/(9/30). Let a be (-1)/(-4) + 92/d. List the prime factors of (a/5)/((-6)/(-120)).
2, 3
Let b(x) = x**2 - 11*x + 11. Let a(d) = -d**3 - 2*d**2 - 2*d + 12. Let n be a(0). What are the prime factors of b(n)?
23
Let r be 6/14 + (-5765)/(-7). Suppose -r = -5*x + 4*a, 246 = 3*x - 5*a - 251. What are the prime factors of x?
2, 41
Let a be 12/1*(-100)/(-30). Let l be (-4)/14 - a/7. Let b = 17 + l. List the prime factors of b.
11
Let u(l) = -l**2 + 7*l + 3. Let x be u(7). Suppose 8 = -2*d, -2*d - 13 = -x*b + 7. Suppose -b*p + 26 + 42 = 0. What are the prime factors of p?
17
Let w(r) = r**3 - 5*r**2 + 6*r - 6. Let c be w(4). Suppose 8*a - c*f = 3*a + 518, 5*a + f - 521 = 0. What are the prime factors of a?
2, 13
Let q(f) = -f**3 + 18*f**2 + 9*f + 10. Let w be q(18). Suppose 2*h = -2*n + w, 0 = 5*h + 3*n - n - 433. What are the prime factors of h?
3, 29
Let z be (1 + 21/(-6))*-2. Let i(o) = -o**2 + 8*o - 3. Let x be i(z). Suppose 3*u - c = 12, 2*u - 5*c = 5*u - x. List the prime factors of u.
2
Let t = 13 - 10. Let q be (-59)/t - (-4)/6. Let n = q - -29. What are the prime factors of n?
2, 5
Suppose -z - 47 = -d, 6*d - 218 = 2*d - 2*z. Suppose 3*k + k + d = 0. Let w = k + 23. What are the prime factors of w?
2, 5
Let x(c) = -4*c**2 + 2*c - 3. Let g be x(-3). Let o = -13 - g. Suppose -p + o = 3. List the prime factors of p.
29
Let r = -53 - -35. Let d = 12 + r. List the prime factors of 2*7*d/(-12).
7
Let r(a) = -40*a**3 - 29*a**2 - 110*a - 3. What are the prime factors of r(-4)?
17, 149
Let g(f) be the third derivative of 5*f**4/12 - 4*f**3/3 + f**2. Let y be g(4). Let q = y - 0. List the prime factors of q.
2
Let g = -3216 + 4912. What are the prime factors of g?
2, 53
Let c be -4*(198/(-12))/11 - 3. Let k be 2*2 + (0 - -1). Suppose -c*j - 3 = 0, -k*x + 0*x = 5*j - 125. What are the prime factors of x?
2, 13
Let b be 4/(-10) - 6/10. Let q(z) = -2*z - 2. Let s be q(b). Suppose s = 4*k - 12. List the prime factors of k.
3
Let h = 8 - -6. Let i = 14 - h. Suppose i = -2*w - 3*w + 55. List the prime factors of w.
11
What are the prime factors of (-10 - -11)*31 + 4?
5, 7
Let f = 54 + 4. What are the prime factors of f?
2, 29
List the prime factors of -34 + 39 - (1 + -1569).
11, 13
Let a(z) = 4*z**2 - 5*z - 3. Let m(p) = 4*p**2 - 6*p - 4. Let n(d) = 7*a(d) - 6*m(d). Let x = -18 - -15. What are the prime factors of n(x)?
2, 3
Let g(k) be the first derivative of k**3/3 - 21*k + 26. List the prime factors of g(-10).
79
Suppose -6*u + 5283 = -4*u + h, -10557 = -4*u - 5*h. What are the prime factors of u?
3, 881
Let t be (-10)/165*3 - 112/(-11). Suppose t*z = 12*z - 42. What are the prime factors of z?
3, 7
Suppose 5 = 5*q - 0. Let d = 2 - q. Suppose d + 4 = -5*v, -5*h - 3*v = -77. List the prime factors of h.
2
What are the prime factors of (1 + -1339)*18/(-108)?
223
Suppose 0 = -2*l - 127 + 21. Let t = 10 - l. What are the prime factors of t?
3, 7
Let s(d) = d**3 - 15*d**2 - 35*d + 21. Let b be s(17). What are the prime factors of -2 + 5 + 16/b?
7
Suppose -5*h = -957 - 273. Suppose -3*x + h = 3*j, -4*j + 3*x = -x - 296. List the prime factors of j.
2, 3, 13
Let c(s) = 3*s**2 - 6*s - 6. Let i be c(-5). Suppose 5*o = 46 + i. Let p = -19 + o. What are the prime factors of p?
2, 5
Let x(t) = t**3 - 16*t**2 + 20*t + 29. Let o be x(15). Let i = o - -52. What are the prime factors of i?
2, 3, 13
Let h = -109 + 201. List the prime factors of (h/(-8))/(2/(-8)).
2, 23
Suppose q = -2*i + 4, -2*i = 2*q - 7*i - 8. Suppose -q*t + 880 = t. What are the prime factors of t?
2, 11
Let c = 1 - 2. Let a = 1 + c. Suppose 5*x - 4*z = -a*z + 60, -7 = -4*x - 5*z. List the prime factors of x.
2
Suppose 0 = 2*j + b - 13, -5*j + 28 = b. Let s = j + 65. List the prime factors of s.
2, 5, 7
Let m = -681 + 1252. What are the prime factors of m?
571
Let k(l) = l**3 - 11*l**2 + 12*l + 3. Suppose -5*b = 1 - 6, c - 2*b = 2. Suppose 6 = c*v - 34. List the prime factors of k(v).
23
Let w be (-1)/(-1)*(61 - 1). Suppose 5*t - 17 = 4*i, 8 - 13 = t - 5*i. Suppose -3*d + 4*f = -25 - w, t*d - 4*f = 147. List the prime factors of d.
31
Suppose -1 = 4*s - 21, -2*p + 1631 = 3*s. What are the prime factors of p?
2, 101
Suppose 4*s - 2*s = 134. Let j = s + 0. List the prime factors of j.
67
Suppose 0 = -3*h - 0 - 9. What are the prime factors of (2/h)/(6/(-1413))?
157
Let y = 882 + -163. What are the prime factors of y?
719
Suppose 0 = 3*i - 9, -3*j - 4*i + 0*i + 3471 = 0. What are the prime factors of j?
1153
Let r(o) = o**2 + 3*o - 13. Let i be r(-6). Let v be -4 + i + (41 - 2). Suppose -v = -9*s + 7*s. List the prime factors of s.
2, 5
Suppose -5*l - 3*f + 261 = 0, 0*f - f = -3*l + 151. List the prime factors of l.
3, 17
Let c = -1488 + -156. List the prime factors of 4/16 + c/(-16).
103
What are the prime factors of 1131/(-58)*(-664)/12?
13, 83
Let r(b) = b**2 + 4*b - 117. What are the prime factors of r(39)?
2, 3, 5, 13
Let v = -17 - -1641. What are the prime factors of v?
2, 7, 29
Let r = 1 - -13. Let t = 11 + r. Suppose 2*c = -v + 5*v - 74, -5*c = t. What are the prime factors of v?
2
Let z = 6426 + -3421. What are the prime factors of z?
5, 601
Suppose -3*j + 1339 = 412. What are the prime factors of j?
3, 103
Let r = 18 + -13. Suppose 0*n = 3*c - r*n - 49, 0 = c - 2*n - 16. List the prime factors of 1 - 4 - (-612)/c.
31
Suppose -2366*y = -2370*y + 2588. List the prime factors of y.
647
Let n(t) = 28*t**2 + 41*t + 36. What are the prime factors of n(7)?
3, 5, 113
Let b = -25 + 101. Suppose 0 = 4*l - 168 - b. What are the prime factors of l?
61
Let z(b) = 81*b + 11*b**2 - b**3 - b**2 - 89*b - 4. Let s be z(9). Suppose -50 = -s*x + 50. What are the prime factors of x?
2, 5
Let u be 4 - (-4 + (6 - 1)). Let a be (-22)/((9/3)/u). Let z = 41 - a. List the prime factors of z.
3, 7
Suppose 34 - 119 = -c - 3*f, 3*c + 2*f - 283 = 0. Let m = -50 + c. List the prime factors of m.
47
Suppose 0 = -2*v - 1 + 55. Suppose -k + 8 = -z, 5*k = -0*z - 3*z - 48. Let r = v + z. List the prime factors of r.
2
Let s be (-2 + -4)/(6/(-4)). Suppose n + s*r + 6 = 0, 6 = 5*n + r + r. Suppose -n*j - j + 6 = 0. What are the prime factors of j?
2
Suppose r = 5*x - 10, -2*r = 3*r. Suppose -1209 = 3*u - 4*z + 1303, 0 = x*u + 3*z + 1652. List the prime factors of u/(-28) + 2/7.
2, 3, 5
Let f = -2858 - -5188. List the prime factors of f.
2, 5, 233
Let s = 7193 + -1344. What are the prime factors of s?
5849
Let y = -1365 + 2405. What are the prime factors of y?
2, 5, 13
Suppose -24*z + 22*z = -570. List the prime factors of z.
3, 5, 19
Let f be 1/(-5) - (-26)/5. Let t(a) = a**3 - 6*a**2 + 8*a - 5. Let q be t(f). Suppose q = -2*b + 7*b. What are the prime factors of b?
2
Suppose -22 = u - 3*u. Suppose -178 = -13*h + u*h. What are the prime factors of h?
89
Let x = 2408 - 1768. What are the prime factors of x?
2, 5
Suppose 2*o - 5*o = -45. Let z = 3 + o. Suppose 57 = k - 5*v, k - v + z = 55. List the prime factors of k.
2
Let j be (-1844)/12*(-2 - 1). Suppose o + 4*a = 149, -4*o - 5*a + j = -o. What are the prime factors of o?
157
Suppose -36 = m + 2*m. Let c be (-16)/m*(-18)/(-4). Suppose 3*n + 15 = c*n. List the prime factors of n.
5
Suppose -12*r + 2 = -14*r. What are the prime factors of (10/4)/(r/(-6))?
3, 5
Let h(s) = -s**3 - 3*s**2 - 4*s - 6. Let j be (-2)/(-6) - 9/(81/57). List the prime factors of h(j).
2, 3, 7
Suppose 0 = -4*c + 8, 7*c - 3*c = -3*d + 8462. What 